{"id":23852,"date":"2018-02-11T15:51:55","date_gmt":"2018-02-11T15:51:55","guid":{"rendered":"http:\/\/ercev.com.tr\/?page_id=23852"},"modified":"2024-02-29T07:05:46","modified_gmt":"2024-02-29T07:05:46","slug":"belgelerimiz","status":"publish","type":"page","link":"https:\/\/ercev.com.tr\/?page_id=23852","title":{"rendered":"Belgelerimiz"},"content":{"rendered":"<p>[vc_row][vc_column]<h2 class=\"boc_heading  center  boc_animate_when_almost_visible boc_left-to-right\"  style=\"margin-bottom: 5px;margin-top: 0px;color: #333333;\"><span><strong> Belgelerimiz<\/strong><\/span><\/h2><div class=\"boc_divider_holder\"><div class=\"boc_divider  \"  style=\"margin-top: 20px;margin-bottom: 20px;height: 1px;background: #eeeeee;\"><i class=\"icon icon-portfolio\"  style=\"font-size: 14px; line-height: 14px;color: #bbbbbb;left: 50%; transform: translateY(-50%) translateX(-50%);background-color: #ffffff;padding: 10px;\"><\/i><\/div><\/div>[\/vc_column][\/vc_row][vc_row][vc_column width=&#8221;1\/3&#8243;][vc_single_image style=&#8221;vc_box_shadow_3d&#8221; onclick=&#8221;link_image&#8221; image=&#8221;24502&#8243;]<h3 class=\"boc_heading  al_left  \"  style=\"margin-bottom: 20px;margin-top: 0px;color: #333;\"><span>\u00c7evre<strong> Dan\u0131\u015fmanl\u0131k<\/strong> Belgesi<\/span><\/h3>[\/vc_column][vc_column width=&#8221;1\/3&#8243;][vc_single_image style=&#8221;vc_box_shadow_3d&#8221; onclick=&#8221;link_image&#8221; image=&#8221;24488&#8243;]<h3 class=\"boc_heading  al_left  \"  style=\"margin-bottom: 20px;margin-top: 0px;color: #333;\"><span>Hizmet<strong> Yeterlilik<\/strong> Belgesi<\/span><\/h3>[\/vc_column][vc_column width=&#8221;1\/3&#8243;][vc_single_image style=&#8221;vc_box_shadow_3d&#8221; onclick=&#8221;link_image&#8221; image=&#8221;24503&#8243;]<h3 class=\"boc_heading  al_left  \"  style=\"margin-bottom: 20px;margin-top: 0px;color: #333;\"><span>B\u00fcro<strong> Tescil<\/strong> Belgesi<\/span><\/h3>[\/vc_column][\/vc_row]<\/p>\n","protected":false},"excerpt":{"rendered":"<p>[vc_row][vc_column][\/vc_column][\/vc_row][vc_row][vc_column width=&#8221;1\/3&#8243;][vc_single_image style=&#8221;vc_box_shadow_3d&#8221; onclick=&#8221;link_image&#8221; image=&#8221;24502&#8243;][\/vc_column][vc_column width=&#8221;1\/3&#8243;][vc_single_image style=&#8221;vc_box_shadow_3d&#8221; onclick=&#8221;link_image&#8221; image=&#8221;24488&#8243;][\/vc_column][vc_column width=&#8221;1\/3&#8243;][vc_single_image style=&#8221;vc_box_shadow_3d&#8221; onclick=&#8221;link_image&#8221; image=&#8221;24503&#8243;][\/vc_column][\/vc_row]<\/p>\n","protected":false},"author":1,"featured_media":0,"parent":0,"menu_order":0,"comment_status":"closed","ping_status":"closed","template":"","meta":[],"_links":{"self":[{"href":"https:\/\/ercev.com.tr\/index.php?rest_route=\/wp\/v2\/pages\/23852"}],"collection":[{"href":"https:\/\/ercev.com.tr\/index.php?rest_route=\/wp\/v2\/pages"}],"about":[{"href":"https:\/\/ercev.com.tr\/index.php?rest_route=\/wp\/v2\/types\/page"}],"author":[{"embeddable":true,"href":"https:\/\/ercev.com.tr\/index.php?rest_route=\/wp\/v2\/users\/1"}],"replies":[{"embeddable":true,"href":"https:\/\/ercev.com.tr\/index.php?rest_route=%2Fwp%2Fv2%2Fcomments&post=23852"}],"version-history":[{"count":22,"href":"https:\/\/ercev.com.tr\/index.php?rest_route=\/wp\/v2\/pages\/23852\/revisions"}],"predecessor-version":[{"id":24504,"href":"https:\/\/ercev.com.tr\/index.php?rest_route=\/wp\/v2\/pages\/23852\/revisions\/24504"}],"wp:attachment":[{"href":"https:\/\/ercev.com.tr\/index.php?rest_route=%2Fwp%2Fv2%2Fmedia&parent=23852"}],"curies":[{"name":"wp","href":"https:\/\/api.w.org\/{rel}","templated":true}]}}